of 22 and r.
2
Let v(d) = 6*d**3 - 77*d**2 + 42*d - 12. Let s(w) = -w**3 - w - 2. Let k(z) = -4*s(z) - v(z). Let c be k(38). Calculate the greatest common factor of 85 and c.
5
Let i be ((-46)/(-23) + 3/(-2))*6. Suppose -5*b + 2*u + 138 = 0, -i*b - 4*u + 24 = -64. What is the greatest common factor of 196 and b?
28
Let g(x) = 58*x + 4. Let i be g(6). Suppose -5*k + 117*q - 113*q + 156 = 0, 0 = 4*k + 5*q - 133. What is the greatest common divisor of k and i?
32
Let w(j) = -15*j**2 + 4*j + 18*j**2 - 6*j. Let c be w(-1). Suppose c*t - 195 = -4*u, 4*u + 124 = 5*t - 31. Calculate the highest common divisor of 10 and t.
5
Suppose -447 = 3*f - 0*m + 5*m, -m = -f - 149. Let b be (-15)/10 + f/2. Let y = b - -120. What is the greatest common divisor of 110 and y?
22
Suppose 0 = 287*k - 79*k - 134368. Calculate the greatest common divisor of 136 and k.
34
Suppose 21584 = -12*g + 59684. Calculate the highest common factor of 10 and g.
5
Let q(s) = -3*s + 110. Let c be q(27). Suppose c*b - 880 = 7*b. What is the highest common divisor of b and 30?
10
Let r(g) be the second derivative of 21*g**5/4 - g**4/12 + g. Let o be r(1). Let h be (-780)/80*((-4)/3 + 0). Calculate the highest common factor of h and o.
13
Let n be (3 + -2)/(-6 + (-91)/(-14)). Suppose 0 = 4*h + 4*g - 84, 4*g + 116 = n*h + 2*h. What is the highest common factor of h and 1?
1
Let p = -9088 - -9273. What is the highest common factor of p and 481?
37
Suppose -4703*a = m - 4708*a - 11731, -5*m = 5*a - 58895. Calculate the greatest common divisor of m and 745.
149
Let j(k) = 12*k - 13. Let b = 9 - 81. Let p = 75 + b. Let h be j(p). Calculate the highest common factor of 92 and h.
23
Suppose 4*t + 60*y - 4860 = 56*y, y + 3629 = 3*t. What is the greatest common divisor of t and 35?
7
Let i(v) = 9*v - 438. Let c be i(50). Suppose 17*w = 13*w + 5*u + 33, -2*w + 3*u + 15 = 0. What is the greatest common factor of w and c?
12
Suppose 41*h - 3*a - 2044 = 40*h, 3*h + a = 6062. Calculate the highest common factor of 1309 and h.
119
Suppose -2*u + 4*v = -166, -192 + 29 = -2*u + v. Calculate the highest common factor of 5832 and u.
81
Suppose -5*v - l = -822, 3*v + 3*l + 0*l - 498 = 0. Calculate the greatest common divisor of v and 4.
4
Let y = 2907 + -1700. Let c = -74 - -91. Calculate the highest common divisor of y and c.
17
Let j = -21553 + 21628. Calculate the greatest common divisor of 75 and j.
75
Let d(y) = -y**2 + 8*y - 7. Let m be d(6). Suppose 0 = -w + 2*g + 33, w + 4*g - 22 = m. What is the highest common factor of w and 279?
31
Let x(v) = -v**2 - 13*v - 12. Let o be x(-10). Let f = 7670 - 7526. Calculate the greatest common divisor of f and o.
18
Let y be 0 + 1 + 93 + 1. Suppose -38*b = -25*b - 52. Suppose -4*f + 20 = b*n - 68, -f + 3*n = -10. Calculate the highest common factor of f and y.
19
Suppose 13*g - 14*g = -2. Let q be 0 + 7/g - 128/(-256). What is the greatest common factor of q and 8?
4
Let g(k) = k**2 - 34*k - 1552. Let v be g(-44). What is the highest common factor of 100 and v?
20
Suppose -2*q = -7*q - 60. Let p = q - -15. Suppose -p*m + b + 59 = 0, -2*m + m + 8 = 2*b. What is the highest common divisor of 54 and m?
18
Suppose -25*r + 840 = -260. Calculate the highest common factor of 1268 and r.
4
Suppose 0*w = -2*w + 16. Let y = 436 - 415. Suppose 25*v = y*v + 736. Calculate the greatest common divisor of w and v.
8
Let n = 35981 - 30957. Calculate the greatest common divisor of 256 and n.
32
Suppose 5*f - 10 = 40. Suppose -9 = -t - 10. Let m be (t - -10)/((-2)/(-10)). What is the greatest common divisor of m and f?
5
Let d = -2 + 4. Suppose 39 = 3*h - 4*a, d*h - 4 - 2 = -4*a. Let j(n) = -9*n**2 - 15*n + 2163. Let u be j(-16). What is the greatest common divisor of h and u?
9
Let o be 5/((5/2)/(-5) + (-5393)/(-10782)). Calculate the highest common divisor of 45 and o.
45
Let r be 22/(-10) + (-5562)/(-135). What is the highest common divisor of 1703 and r?
13
Suppose 5*o - 9 = 2*o. Suppose 6*d = o*d + 99. Suppose -n + 2*y = 1, 0 = -n + 3*y + 9 - 12. What is the greatest common divisor of d and n?
3
Let j = 21 + -16. Suppose -j*f + 5*p = -131 - 204, 263 = 4*f - 5*p. Calculate the highest common factor of 180 and f.
36
Let o(h) = -2*h + 1. Let l be o(-6). Suppose 80*c = 906 + 2214. What is the highest common factor of c and l?
13
Let q = 92 + -87. Suppose -q*l = -2*o - 3*l + 10, 0 = -3*o + l + 23. Suppose -30 = -o*a + 4*a. What is the greatest common divisor of 1 and a?
1
Let d(z) = -3*z**2 + 70*z + 67. Let i be d(24). What is the greatest common divisor of 2375 and i?
19
Suppose 0 = -j - 28 + 78. Suppose -2*y + 43 + 17 = 0. Let z = j - y. What is the greatest common factor of 10 and z?
10
Let z = -24777 - -24894. What is the greatest common factor of 387 and z?
9
Let k(z) = -4*z**2 + 12*z + 11. Let u(i) = 9*i**2 - 25*i - 24. Let o(y) = -13*k(y) - 6*u(y). Let g be o(-3). What is the greatest common divisor of g and 2?
1
Let q = -509 - -514. Suppose 2*n + q*h + 98 = 91, 5*n - 40 = -h. Let y be (-18)/((-1)/9*2). What is the greatest common divisor of n and y?
9
Let a(k) = 13*k**2 + 4*k + 8. Let p be a(-4). Let d = 220 - p. What is the highest common divisor of d and 220?
20
Suppose x + 4*z - 9*z - 56 = 0, -4*z = 20. Let b = -44 + 45. Calculate the greatest common factor of x and b.
1
Suppose -11*c - 672 = -5*c. Let w = 202 + c. What is the highest common divisor of w and 10?
10
Let o = 56 - 56. Suppose 4*d = o, -g - 3*g + 4*d = -540. Calculate the greatest common factor of g and 297.
27
Suppose -2*u = -3*q - 266 + 986, 4*u = -5*q + 1200. Let m = q + -418. Let p be -3 + 2/(8/20) - m. What is the greatest common divisor of p and 20?
20
Suppose 4*k + 7840 = -0*w + 3*w, -2*k = -3*w + 7850. Calculate the greatest common divisor of w and 20.
20
Suppose 6172*a - 6191*a + 5700 = 0. Calculate the highest common factor of 24 and a.
12
Let x(u) = -u**2 + 22*u - 112. Let s be x(12). Suppose -3*a = 3*o + o - 652, -5*a - 4*o = -1084. What is the highest common divisor of s and a?
8
Suppose -14*j + 5011 = -2157 - 2436. What is the highest common factor of j and 1274?
98
Suppose 8*a = -209 + 65. Let d be a/18*(-1 + -2). What is the greatest common factor of 6 and d?
3
Let o(l) = 949*l + 988. Let n(r) = 50*r + 52. Let f(i) = -39*n(i) + 2*o(i). Let t be f(-8). What is the highest common divisor of 28 and t?
28
Let n be 6/9*-3 + 27. Suppose -5*s = n, -2*q - q + 119 = 5*s. Let i = q + -34. What is the highest common divisor of i and 7?
7
Let q = -1881 + 2881. What is the highest common divisor of 360 and q?
40
Let p be 3/33*-1289 + 8/44. Let z = p + 132. What is the greatest common factor of z and 20?
5
Let x(g) = 2*g**2 + 3*g + 10. Let q be x(-2). Suppose -6*r = r - 70. Suppose -r*t = -q*t + 364. What is the greatest common divisor of 14 and t?
14
Let l(v) = v**3 + 50*v**2 + 98*v + 103. Let k(r) = 1. Let c(d) = 2*k(d) + l(d). Let y be c(-48). Calculate the greatest common divisor of y and 9.
9
Let j be 60*(-2 + 6)*65/26. What is the greatest common factor of j and 4410?
30
Let j be 2/1 + -1 + 76. Let c = -430 + 498. Suppose -c = -11*t + 53. Calculate the greatest common factor of j and t.
11
Let f(j) = 29*j**3 + j**2 + 5*j - 5. Let x be 28/7 + (2 - 25/5). Let g be f(x). Suppose 5*m + 0*m = 450. What is the highest common factor of m and g?
30
Suppose -4*v - s - 44 + 36 = 0, -5*v + 3*s = 10. Let c be (v + 6/(-3))*210/(-120). Calculate the greatest common factor of c and 14.
7
Let d(p) be the third derivative of p**5/5 - 5*p**4/6 - 5*p**3/3 + 27*p**2. Let x be d(-8). Calculate the greatest common divisor of x and 102.
102
Let i be (2/(-4))/((-1)/128). Suppose -4*g - 28 = -3*w, 3*w + 3*g - 5 - 37 = 0. Suppose -44 + w = -2*k. What is the greatest common divisor of i and k?
16
Let u be ((-5)/(-10))/(6/4)*6. Let x = u + 20. Suppose 2*g + 12 = -g, -x = -p + 4*g. What is the highest common divisor of 78 and p?
6
Let p = 134 + -394. Let y = -174 - p. Let l = 134 - y. What is the greatest common divisor of 16 and l?
16
Let t(s) = 4*s + 27. Let g be t(-4). Suppose g*u + 6*u = 2176. What is the greatest common factor of 8 and u?
8
Let r(p) = 43*p - 8. Let i be r(1). Suppose -5*v - 5*q = -6*v + i, -5*v + 5*q = -115. Calculate the highest common divisor of v and 45.
5
Let u be 1 - (5 - 3) - 2*-2. Suppose u*k